8 + 105 = 5*l, -4*l + 190 = 3*t. What is the remainder when l is divided by 13?
10
Let m(w) = 2*w - 8. Calculate the remainder when m(29) is divided by 18.
14
Suppose -12 = -4*z + 6*z. Let m(v) = -5 + 12 - 6*v**2 - 4*v + 0*v**3 - v**3. Calculate the remainder when m(z) is divided by 16.
15
Let w(f) = f**3 - 4*f**2 + f + 2. Let y be w(5). Let u = -13 + y. What is the remainder when 55 is divided by u?
17
Let g = 11 + -25. Let u = 11 - g. Calculate the remainder when u is divided by 15.
10
Let k = 24 - -6. Suppose 0 = -5*r + 20, -i = -0*r - 2*r. What is the remainder when k is divided by i?
6
Suppose 0 = -4*g - 20 - 8. Let f(i) = -i**3 - 6*i**2 + 4*i - 9. Calculate the remainder when f(g) is divided by 5.
2
Let l be (26/6)/(2/(-24)). Let x = 75 + l. What is the remainder when 444/10 - 7*8/140 is divided by x?
21
Calculate the remainder when 2 + (6 + -5 - (-198 + 1)) is divided by 51.
47
Let z = -6 - -9. Suppose 3*p + 4*j - 34 = 0, -z*p = -p - 3*j - 34. Calculate the remainder when 39 is divided by p.
11
Let a = -1 + 22. What is the remainder when a is divided by 8?
5
Suppose 0 = 5*s - 3*k - 55, -s + 3*k + 0*k + 23 = 0. What is the remainder when s is divided by 5?
3
Suppose -x = 2*x. Suppose x = -2*c - 2*o + 8, 2*c - o - 2*o + 12 = 0. Suppose -6 + c = -3*m. Calculate the remainder when m is divided by 1.
0
Let a(x) be the first derivative of -x**4/4 - x**3/3 - 5*x**2/2 - 3*x - 6. What is the remainder when 117 is divided by a(-3)?
27
Suppose -3*n - 5*u + 7 = 0, -2 = n - 2*u + 3. Calculate the remainder when 6 is divided by (-6)/(3/2*n).
2
Let v = -10 - -16. Let d = 2 - v. Let n = 0 - d. Calculate the remainder when 7 is divided by n.
3
Suppose -15*g - 60 = -300. Calculate the remainder when 26 is divided by g.
10
Suppose 2*c = 3*h + 187, -5*c + 3*h + 481 = -0*h. What is the remainder when c is divided by 25?
23
Suppose 0 = -2*r + w - 31 + 94, 2*r - 48 = -4*w. Calculate the remainder when r is divided by 16.
14
Let s(k) = k**2 - k - 7. Let n be ((-8)/(-3))/(2/(-6)). Let y = 16 - n. Calculate the remainder when y is divided by s(5).
11
Let s(y) = 2*y**2 + y - 3. Calculate the remainder when 45 is divided by s(-3).
9
Suppose 4*n + 18 = 7*n. Let s = n + 3. What is the remainder when 34 is divided by s?
7
Let c(f) = -5*f - 7. What is the remainder when c(-5) is divided by (-37)/(-7) - (-8)/(-28)?
3
Let m = 4 - -5. Suppose 5*y = h + 2, -3*y = -m + 3. What is the remainder when 23 is divided by h?
7
Let h(z) = -2*z - 9. Let m be h(-7). Suppose 0 = 5*o + 25, m*o = 5*b - 103 - 67. Calculate the remainder when b is divided by 10.
9
Calculate the remainder when 6 is divided by (-20)/6*(-18)/15.
2
Let s(z) = 14*z - 2. What is the remainder when s(3) is divided by (4/(-6))/(2/(-42))?
12
Suppose -2*a + 52 + 16 = 0. Let r(z) = 3*z - 3. Suppose -p - 5 = -2*p. Calculate the remainder when a is divided by r(p).
10
Suppose 3*h - 33 = t + 5, -3*h + 3*t = -48. What is the remainder when h is divided by 6?
5
Suppose -2*k - 5*p + 4 = 0, 5*k + p - 10 = -4*p. Suppose 0*w - 2 = k*w. Let g = 3 + w. What is the remainder when 5 is divided by g?
1
Suppose 3*g - 26 = -2. Calculate the remainder when g is divided by 2.
0
Suppose 4*u = 2*b + b + 149, u - 39 = -b. What is the remainder when u is divided by 13?
12
Let k = -14 + 58. Suppose -96 = -4*b + k. What is the remainder when b is divided by 18?
17
Suppose -2*a = a - 6. Suppose -5*u = -4*l + l + 34, 2*l = a*u + 20. Calculate the remainder when 14 is divided by l.
6
Suppose -q = 4*i - 5, i + 4*q - 20 = -0*i. Suppose i*o + 39 = 3*o - 3*z, 5*z = -2*o + 54. Calculate the remainder when o is divided by 6.
5
Let w = -81 + 117. What is the remainder when w is divided by 19?
17
Let q(h) = -h**3 + h**2 + h. Let i(w) = 54*w**3 + 3*w**2 + 2*w. Let k(j) = -i(j) + 3*q(j). What is the remainder when k(-1) is divided by 19?
18
What is the remainder when 32/2 - (29 + -27) is divided by 8?
6
Suppose 3*n - a + 20 = 4*n, 4*n = 4*a + 48. What is the remainder when 60 is divided by n?
12
What is the remainder when 29 is divided by 3 - ((-5)/5 + -4)?
5
Suppose -5*u - 1 = -2*b - 17, u - 4 = 0. Let x = b + 14. Let j = -7 + x. Calculate the remainder when j is divided by 5.
4
Let u(s) = -s**3 - 2*s**2 - s + 4. Let h(n) = n + 10. Calculate the remainder when u(-2) is divided by h(-8).
0
Calculate the remainder when 86 is divided by (6/(-4))/((-6)/100).
11
Let s = 3 - 3. Suppose 4*q + 2*z - 22 = s, q = -0*q - 5*z - 17. Calculate the remainder when 30 is divided by q.
6
Let i(d) = d**3 - 5*d**2 - 5*d + 8. Suppose -3*v + 24 = 6. What is the remainder when i(v) is divided by 8?
6
Let w = -1 - 4. Let z(o) = o**2 + 3*o - 4. Let l = 22 + -12. What is the remainder when l is divided by z(w)?
4
Let r(c) = -5*c + 25. Let w(a) = -11*a + 49. Let g(b) = 13*r(b) - 6*w(b). What is the remainder when g(0) is divided by 156/10 - 6/(-15)?
15
Let b(k) = -16*k + 2. Let f be b(-5). Suppose i + 22 - f = 0. Suppose 0*x + i = 4*x. Calculate the remainder when 28 is divided by x.
13
Suppose -f = w - 3, 2*f - 1 = -5*w + 20. Suppose 0 = 2*a - w*a + 120. What is the remainder when a is divided by 21?
19
Let i = -34 + 48. Let c = -2 + i. Calculate the remainder when 21 is divided by c.
9
Let f(i) = i**3 - 5*i**2 + i - 4. Let b be (-2)/(-6) + (-16)/(-6). Suppose -j = -2 - b. What is the remainder when 1 is divided by f(j)?
0
Suppose 73 = 5*s - l, -90 = -4*s + 4*l - 22. Let i = -1 + 4. Suppose -p - 2*a = -2, -9 = -3*p - 4*a + i. What is the remainder when s is divided by p?
6
Let m = 120 + -67. Let y(p) = 2*p**2 - 5. Let v be y(-4). Suppose 5*q - 4*w = -6*w + 96, -2*q + 3*w = -v. What is the remainder when m is divided by q?
17
Let x(m) = 4*m**2 - 2*m + 3. Let f = -8 + 12. Calculate the remainder when x(f) is divided by 15.
14
Let q(f) = -f - 1. Let s(i) = -2 + i + i**3 + 5*i - 5*i**2 - 2*i. Let d be s(4). Calculate the remainder when 2 is divided by q(d).
0
Calculate the remainder when (-18)/30 - (-126)/10 is divided by 7.
5
Let s(g) = -g**3 + 7*g**2 + 9*g - 8. Let f be s(8). Let x(b) = f*b - b - 3 - 2*b. What is the remainder when 34 is divided by x(-4)?
7
Let d = -53 + 114. Suppose 3*a + 217 = 5*z, -3*z + 5*a = -2*z - d. Calculate the remainder when z is divided by 11.
8
Let u = 72 + -48. Let t(v) = -3*v - 9. What is the remainder when u is divided by t(-6)?
6
Let r(x) = -5*x + 5. Let t(b) = b**3 + 7*b**2 - 3*b - 14. Calculate the remainder when r(-4) is divided by t(-7).
4
Let w(a) = a + 49. Calculate the remainder when w(-21) is divided by 15.
13
Let y(h) = h**3 + 6*h**2 + 3. Let c be y(-6). Suppose -c*w + 41 = 11. Calculate the remainder when (-24)/10*w/(-4) is divided by 3.
0
Let q(n) = -3 + 13*n - 7*n - 7*n. What is the remainder when 11 is divided by q(-7)?
3
Calculate the remainder when -3*(-1)/3*(1 - -85) is divided by 18.
14
Suppose 2*u - 11 - 115 = 0. Calculate the remainder when u is divided by 32.
31
Let k(n) = n**2 + 2*n. Let a(i) = i**3 + 2*i**2 + 1. Let b = 9 + -6. Calculate the remainder when a(b) is divided by k(-6).
22
Let d(c) = c**3 + 6*c**2 + 4*c - 3. Let w(s) = -s**3 - 10*s**2 - 9*s - 5. Let f be w(-9). What is the remainder when 6 is divided by d(f)?
0
Suppose 13*x = 9*x + 8. Suppose -x*j + 8 = -26. What is the remainder when j is divided by 5?
2
Let i(m) = m**3 - 5*m**2 + 4. Suppose b + 2*b = 15. What is the remainder when b is divided by i(5)?
1
Suppose 315 = l - x, 4*x = -l + 3 + 312. What is the remainder when l is divided by 53?
50
Let a(j) = j**2 + 3*j - 6. Suppose 0 = 6*m - 13*m + 63. Calculate the remainder when m is divided by a(-5).
1
Suppose 4*b - 14 = 2. Suppose -32 = 3*l - b*l. Let v = l + -23. Calculate the remainder when 34 is divided by v.
7
Suppose -3*z + 4*d - 46 - 17 = 0, -z = 3*d + 34. Let g = z + 42. What is the remainder when 29 is divided by g?
12
Let u(w) be the first derivative of -7*w**2/2 - 7*w - 9. Calculate the remainder when u(-10) is divided by 16.
15
Let g be -3 - ((-1 - 1) + 2). Calculate the remainder when 7 is divided by (-10)/(-2) - (-6)/g.
1
Let o = 9 - -6. What is the remainder when 57 is divided by o?
12
Let d(i) = -i**3 + 4*i**2 + 3*i - 9. Suppose 3*m - 3 = 0, -4*m - 13 = -3*s - 2*m. Calculate the remainder when s is divided by d(4).
2
Let m = -2 - -3. Let b = m + 9. Suppose -2*r + 4*r = 8. What is the remain